))?
-5
Calculate -2 + 3 + -2 - (23 + -22).
-2
-15 + 11 - ((0 - 2) + 2)
-4
What is 3 - 0 - (1 - -5) - -7?
4
Evaluate -2 - (-4 + -1 - -10).
-7
Evaluate 3 + -3 - (-1 - -1).
0
Evaluate 0 - -2 - (-2 + (-3 - -8)).
-1
Evaluate (-8 - -11) + -12 + 1.
-8
Calculate 8 - ((-2 + 8 - 6) + 3).
5
Evaluate (-2 - -8) + -10 + 3.
-1
Calculate -1 + -7 + 6 + 4.
2
What is the value of 7 - (0 + (16 - 8) - 7)?
6
What is 10 + (8 + -9 - 3)?
6
What is 5 + (0 + -4 - -4)?
5
Evaluate 0 + -1 + -6 + 5 + -2.
-4
-6 + 0 + (5 - (3 - 0))
-4
What is the value of (-8 - -4) + 0 - -5 - -1?
2
Evaluate 1 + -5 + (-2 - 15) + 19.
-2
Evaluate 2 - (-2 + -2 + 2 + 3).
1
What is the value of 12 + (-11 - (-3 + 0))?
4
Calculate -5 - (-2 - (3 + 4)).
4
Evaluate 9 - 7 - 6 - (-3 + -6).
5
Evaluate -1 + 4 + 0 + -10.
-7
What is the value of 6 - (6 + -8 + 6)?
2
Evaluate 9 + 4 + -8 - (0 + 5).
0
What is the value of (71 - 58) + (-19 - 0)?
-6
(-3 + 1 - 2 - -7) + -8
-5
Evaluate -1 + -6 - -4 - (1 + -5).
1
What is (4 + -4 - -6) + -2 + -9?
-5
Calculate 1 + 0 + -9 + 3.
-5
Calculate 11 + -6 + 2 + 3 + -9.
1
Evaluate 0 + (1 - 5) + 1.
-3
What is -2 - (-10 + -4 + 11)?
1
What is the value of -7 + (19 - 7 - 8)?
-3
Calculate (-2 - -12) + -4 + -3.
3
What is the value of -1 + (5 - (3 - 2)) - 0?
3
Evaluate (-59 + 52 - (1 - 7)) + 0.
-1
What is the value of -114 - -115 - ((0 - 0) + -4)?
5
What is 44 - 37 - (0 + (2 - -15))?
-10
Evaluate -2 + -4 + 4 - 1.
-3
What is -3 - (3 + -6) - -2?
2
What is the value of -3 + -2 + -2 + 5?
-2
Evaluate -12 - -15 - (3 - (-4 - -12)).
8
1 + (-8 - (13 - 13))
-7
Evaluate 3 - (-7 - -4) - 2.
4
Evaluate 6 + (-8 + 6 - 7) - 0.
-3
Evaluate -5 - (3 - (0 - -3) - 0).
-5
Evaluate (-13 - -8) + (0 - 1 - -1).
-5
-2 - (5 - (-1 + 3))
-5
Calculate -2 - (-4 - 1) - 1.
2
Evaluate 2 - (14 + -3 - 13).
4
Calculate 5 - 0 - (-59 + 62).
2
What is 3 + (5 - -1 - 4)?
5
Calculate -9 - (4 + -22 + 8).
1
Evaluate 15 + -7 + (0 + -2 - 3).
3
Calculate -3 + (6 - (-6 + 15)).
-6
Calculate (-1 - (-4 - -1)) + (-22 - -16).
-4
Calculate (1 - 5 - (8 + -15)) + 8.
11
What is the value of (-2 - -3) + (2 - 0)?
3
What is the value of 5 + -6 - (-1 - 4)?
4
4 - (-6 + (3 - -9)) - -8
6
Evaluate (2 - -11) + -7 + 0.
6
Calculate 6 - 6 - 3 - -9 - 10.
-4
Evaluate -3 - (0 + 3 + -1 + -2).
-3
Evaluate 8 + -4 - 3 - 1.
0
What is the value of 3 - ((2 - -3) + -5)?
3
What is 3 - (6 - -5) - (0 + -3)?
-5
What is the value of -1 - 0 - (148 + -146)?
-3
4 - 24 - -7 - -20
7
Evaluate -2 - (-2 + 3) - (4 - 5).
-2
-5 + (-1 - (-1 - 2))
-3
What is (-4 - -4) + (5 - 5)?
0
Evaluate 0 + 0 + -1 + -31 + 32.
0
Calculate 22 + -21 - (1 + 2).
-2
Calculate 11 - (7 - 5 - (-8 + 6)).
7
Evaluate -3 + 3 - (-7 + 1 - -3).
3
Calculate 150 + -159 - (-1 + -5).
-3
-1 - -9 - (-4 + 7)
5
What is the value of (1 - ((1 - -1) + 0)) + 0?
-1
What is -4 + 5 + (0 + 7 - 3)?
5
Evaluate (-17 - -14) + (1 - -6) + -2.
2
What is -3 + 1 + -12 - -11?
-3
Evaluate (4 - 4) + -3 + 3.
0
(-3 - -10) + -1 + 3
9
What is -10 - (-4 + -1) - -2?
-3
Evaluate 2 - -2 - (0 + 7).
-3
(-2 - -3) + 3 + 1
5
Evaluate -4 + (-3 + 0 - -12).
5
Evaluate (0 - 0) + 1 + (6 - 4).
3
-3 - (-1 - -1) - (1 + -4)
0
What is the value of -20 - -19 - ((-1 - -2) + 3)?
-5
What is 3 + 4 + -2 - 10 - -2?
-3
(4 - 9 - -2) + (1 - -4)
2
Calculate -1 - 1 - (28 - 26).
-4
Evaluate 1 - (1 + (-5 - (0 + -1))).
4
What is -4 + 0 + 6 + 2?
4
What is 15 + -17 + (1 - 3)?
-4
What is (-10 - 3) + 11 - 5?
-7
What is -18 + -8 + 16 - -3?
-7
What is the value of 0 - (7 + 1 - (12 - 11))?
-7
Calculate (3 - 11) + (1 - -2).
-5
Calculate -5 + 2 + 4 + -5.
-4
-4 + (3 - -5) + -6 + -1
-3
-5 + (16 - 10) + (1 - 9)
-7
(1 - 1) + -1 - 0
-1
(-1 - 1) + -6 - -5
-3
Calculate 3 + (-1 - 6) + 11.
7
Evaluate -2 + 3 + 0 + -6 + 11.
6
Calculate 1 - -1 - (1 + -1).
2
Evaluate 3 + -7 - 4 - (-9 - -3).
-2
What is the value of -6 - -7 - (-1 + -2 - 1)?
5
What is the value of -2 + 5 - (-5 + 4)?
4
What is 37 + -38 - (1 + -7)?
5
6 - (15 - (-4 + 8))
-5
Evaluate 0 + -3 + 3 + 1.
1
Calculate (-2 - 1) + (-3 + -6 - -8).
-4
Evaluate 2 - (5 + -5) - 5.
-3
9 - 14 - (-3 + 0)
-2
1 + -1 - (18 - 15)
-3
What is -27 + 27 - (-2 - -1)?
1
What is (2 + 8 - -2) + (48 - 53)?
7
Calculate 6 - (-6 - (-5 - 3)).
4
What is the value of (-1 - (3 - 6 - -2)) + -1?
-1
What is 10 + (8 - (-8 + 20))?
6
What is the value of 2 - (-3 - (-3 - -3))?
5
-10 + 21 - (22 - 3)
-8
What is -1 + 1 + -4 + -1?
-5
Calculate 4 + -5 + 7 - (2 + -2).
6
What is the value of 1 + (-6 - -6 - 6)?
-5
What is -14 - (3 - 10) - -6 - -9?
8
Calculate -6 + 1 + 7 + -3.
-1
Evaluate 6 + 2 - 2 - (-115 + 117).
4
Calculate 1 + (4 + -8 + -3 - 0).
-6
-2 - (6 + (-5 - 4))
1
Calculate -1 + -1 + 0 - 7.
-9
7 + (-10 + 9 + -5 - -6)
7
Calculate (4 - 0) + -3 + 0.
1
(-1 - (5 + 0)) + 15 + 0
9
Calculate 36 + -33 - (7 - 0).
-4
Evaluate -1 - (8 + (-8 - 3)).
2
Calculate (-3 - (-4 - (5 + -4))) + 2.
4
Calculate (-4 - (-11 + 5)) + -2.
0
Evaluate 4 + 1 + -1 - (2 - -5).
-3
4 + (-1 + 0 - 1) + 1
3
Evaluate 8 - (5 + 9 + -7).
1
Evaluate 3 + -3 + 3 + -5.
-2
-4 - (-10 + (1 - -10))
-5
Calculate -7 + 3 + 2 + 4.
2
What is the value of -54 - -57 - (-1 - -5)?
-1
What is the value of 1 + -4 - (-3 + -2 - 0)?
2
-4 - 0 - (-17 + 10)
3
Evaluate 0 - (3 + (-3 - 1) - -3).
-2
What is -5 - -5 - 4 - (1 - -5)?
-10
Calculate (-3 - 3) + 4 + 7.
5
Calculate 11 + 2 + (-1 - 10).
2
What is -2 - (16 + -19 - (-7 + 0))?
-6
0 - 8 - (-116 - -106)
2
-6 + (-7 - (-19 - -5))
1
63 + -60 - (7 - 0)
-4
2 + -14 + 0 + -55 + 60
-7
Calculate 2 + (-5 - -7) + -7.
-3
What is 4 + (1 - (-3 + 12))?
-4
What is the value of -1 + -1 + 4 + -1 - -2?
3
0 + -5 - -5 - 3
-3
Calculate -6 - (14 + -12 - (-3 - -6)).
-5
What is 37 + -31 + -3 + -2?
1
Evaluate (-1 - -2) + (-6 - 0) + 0.
-5
Calculate 152 - 149 - ((1 - -5) + -1).
-2
Calculate (-3 - 2) + 22 + -14.
3
Evaluate -4 + 15 + -8 - (2 - -2).
-1
What is 4 + 7 + (-3 - 16) + 7?
-1
-4 + (4 - (1 - (-7 + 11)))
3
What is (-3 - 0) + -2 + 9 + -9?
-5
What is the value of (-18 - (13 - 15)) + 7?
-9
Evaluate (-1 - (3 + -4)) + 1.
1
Evaluate 3 - (5 - 5 - -2).
1
What is 2 + 2 + (4 - (4 - -2))?
2
-1 - -2 - 1 - 2
-2
What is the value of (9 + -3 - 8) + (-2 - 2)?
-6
Evaluate 5 + (3 - 10) + 1 + 2.
1
What is the value of -5 - (-7 + (-12 - -7))?
7
Calculate 1 + 3 - (5 + -3).
2
What is (-6 - -13) + 2 + -15 + -1?
-7
Calculate -1 + (6 - -2) + (1 - 5).
3
What is -15 - -10 - (-3 - 0)?
-2
What is -5 + 1 + 3 + 4?
3
What is the value of -3 - -4 - (15 - 14)?
0
Evaluate -11 + (6 - -3 - 7).
-9
What is 3 + -4 - (3 - (1 + 0))?
-3
What is -1 + -5 + -78 + 85?
1
Evaluate 6 + -4 + 8 - 5.
5
Calculate 1 + (0 - 1) + (-131 - -127).
-4
Calculate (-2 - (7 + -7)) + 2.
0
What is the value of -7 - ((-1 - -1) + -1 + 3)?
-9
Calculate -1 + 1 + 5 + -5.
0
Evaluate (10 - 5) + 0 - 1.
4
Calculate -5 - (11 + (11 - 21)).
-6
Evaluate (2 + 3 + -7 - -3) + 1.
2
Evaluate -21 + 26 - (-1 + 3).
3
Calculate 4 + (-8 - (-3 - -1)).
-2
What is 4 + -9 + 8 + 1?
4
Calculate (4 - -1) + -5 + -2 - -1.
-1
What is the value of -2 + 13 + -8 + (-3 - -6)?
6
What is the value of 4 + -3 - (-4 + 5)?
0
What is the value of -2 - (-12 + 5 - -2)?
3
Evaluate -2 + (-7 - -3 - -8) + 1.
3
What is -4 + (0 - 0) + 3 + -3?
-4
What is the value of (-9 - -13 - (2 + 0)) + 1?
3
What is the value of 6 - (-5 - -8) - (-3 - -5)?
1
(-2 - -3) + -3 - (-7 + 0)
5
4 - (6 - (-5 + 6))
-1
What is the value of -10 + 18 - (5 - 2)?
5
1 - -4 - 7 - -6
4
Evaluate -3 - (-1 + 2) - (-1 - 1).
-2
What is (-10 + -6 - -7) + 7?
-2
What is the value of 0 + (5 - (6 + 4 - 0))?
-5
What is the value of -3 - (-1 + (8 - 8))?
-2
What is 3 + -6 + 0 + -2?
-5
What is the value of -5 - (1 - (2 + 4))?
0
Calculate (-7 - (0 + -8)) + -9 - 2.
-10
What is -6 - (-1 - -2) - 0 - -17?
10
What is 9 + -4 + -2 + 1 - -5?
9
Calculate 1 - 3 - -1 - -4.
3
Evaluate 4 + (-6 - -6) + (-1 - 6).
-3
What is the value of (2 - 0) + -3 + -45 + 48?
2
Evaluate (-4 - (4 - 7)) + 1.
0
Calculate (-1 - -1) + 3 + (5 - 9).
-1
(-8 - 1) + 32 + -27
-4
What is the value of 0 - (4 - (-4 + 0 + 8))?
0
What is the value of -8 - 2 - (-11 + (-2 - -10))?
-7
Evaluate -1 - 6 - (54 + -59).
-2
What is -13 + 7 + (6 - -2)?
2
Evaluate 3 + 3 + (-11 - -6).
1
What is -3 + 5 - (2 + 1)?
-1
Calculate 23 - 27 - (-8 + 0 - -2).
2
Evaluate (1 - 6) + 0 + 9 + -5.
-1
Calculate (-5 - -1) + (-2 - -7).
1
What is the value of (-5 - -2) + 2 + (-1 - -4)?
2
Calculate (3 - (3 + -2)) + -7.
-5
What is 9 + -9 + (-1 - -3) - -2?
4
What is t